{"version":"1.0","provider_name":"Eliassen.nl","provider_url":"https:\/\/www.eliassen.nl\/de\/","author_name":"Peter Eliassen","author_url":"https:\/\/www.eliassen.nl\/de\/blog\/author\/infoeliassen-nl\/","title":"Gartenideen Herbst - Winter","type":"rich","width":600,"height":338,"html":"<blockquote class=\"wp-embedded-content\" data-secret=\"NBhuIKKJpn\"><a href=\"https:\/\/www.eliassen.nl\/de\/blog\/2024\/10\/24\/gartenideen-herbst-winter\/\">Gartenideen Herbst &#8211; Winter<\/a><\/blockquote><iframe sandbox=\"allow-scripts\" security=\"restricted\" src=\"https:\/\/www.eliassen.nl\/de\/blog\/2024\/10\/24\/gartenideen-herbst-winter\/embed\/#?secret=NBhuIKKJpn\" width=\"600\" height=\"338\" title=\"&#8222;Gartenideen Herbst &#8211; Winter&#8220; &#8211; Eliassen.nl\" data-secret=\"NBhuIKKJpn\" frameborder=\"0\" marginwidth=\"0\" marginheight=\"0\" scrolling=\"no\" class=\"wp-embedded-content\"><\/iframe><script type=\"text\/javascript\">\n\/* <![CDATA[ *\/\n\/*! This file is auto-generated *\/\n!function(d,l){\"use strict\";l.querySelector&&d.addEventListener&&\"undefined\"!=typeof URL&&(d.wp=d.wp||{},d.wp.receiveEmbedMessage||(d.wp.receiveEmbedMessage=function(e){var t=e.data;if((t||t.secret||t.message||t.value)&&!\/[^a-zA-Z0-9]\/.test(t.secret)){for(var s,r,n,a=l.querySelectorAll('iframe[data-secret=\"'+t.secret+'\"]'),o=l.querySelectorAll('blockquote[data-secret=\"'+t.secret+'\"]'),c=new RegExp(\"^https?:$\",\"i\"),i=0;i<o.length;i++)o[i].style.display=\"none\";for(i=0;i<a.length;i++)s=a[i],e.source===s.contentWindow&&(s.removeAttribute(\"style\"),\"height\"===t.message?(1e3<(r=parseInt(t.value,10))?r=1e3:~~r<200&&(r=200),s.height=r):\"link\"===t.message&&(r=new URL(s.getAttribute(\"src\")),n=new URL(t.value),c.test(n.protocol))&&n.host===r.host&&l.activeElement===s&&(d.top.location.href=t.value))}},d.addEventListener(\"message\",d.wp.receiveEmbedMessage,!1),l.addEventListener(\"DOMContentLoaded\",function(){for(var e,t,s=l.querySelectorAll(\"iframe.wp-embedded-content\"),r=0;r<s.length;r++)(t=(e=s[r]).getAttribute(\"data-secret\"))||(t=Math.random().toString(36).substring(2,12),e.src+=\"#?secret=\"+t,e.setAttribute(\"data-secret\",t)),e.contentWindow.postMessage({message:\"ready\",secret:t},\"*\")},!1)))}(window,document);\n\/\/# sourceURL=https:\/\/www.eliassen.nl\/wp-includes\/js\/wp-embed.min.js\n\/* ]]> *\/\n<\/script>\n","thumbnail_url":"https:\/\/www.eliassen.nl\/wp-content\/uploads\/2020\/10\/Tuin-ideeen-herfst-winter-eliassen.nl_.jpg","thumbnail_width":1250,"thumbnail_height":434,"description":"Gartenideen f\u00fcr Herbst und Winter f\u00fcr einen modernen, l\u00e4ndlichen, gro\u00dfen oder kleinen Garten. Suchen Sie nach Garteninspiration f\u00fcr Ihren Garten? Lesen Sie unseren Blog und entdecken Sie eine gro\u00dfe Auswahl f\u00fcr Haus und Garten."}

Gartenideen für Herbst und Winter für einen modernen, ländlichen, großen oder kleinen Garten. Suchen Sie nach Garteninspiration für Ihren Garten? Lesen Sie unseren Blog und entdecken Sie eine große Auswahl für Haus und Garten.
